{"id":15,"date":"2017-07-09T22:42:47","date_gmt":"2017-07-09T22:42:47","guid":{"rendered":"http:\/\/www.logosministriesinternational.com\/Portuguese\/?page_id=15"},"modified":"2020-09-10T18:03:27","modified_gmt":"2020-09-10T18:03:27","slug":"bem-vindo","status":"publish","type":"page","link":"https:\/\/www.logosministries.org\/Portuguese\/bem-vindo\/","title":{"rendered":"Bem Vindo"},"content":{"rendered":"<p>Bem-vindo\u00a0ao <b>Minist\u00e9rio Logos Internacional<\/b>!<br \/>\nEste \u00e9 um minist\u00e9rio dirigido aos cora\u00e7\u00f5es\u00a0que desejam crescer em conhecimento do Senhor Jesus e nosso\u00a0Pai Celestial. Deus colocou um amor incondicional em nossos\u00a0cora\u00e7\u00f5es e queremos compartilhar este amor e\u00a0a vida que nos proporcionou atrav\u00e9s de sua gra\u00e7a\u00a0para todos aqueles que ainda n\u00e3o a conhecem.<\/p>\n<p><img loading=\"lazy\" decoding=\"async\" class=\"alignright\" src=\"https:\/\/www.logosministries.org\/Portuguese\/wp-content\/uploads\/2020\/09\/us2.jpg\" alt=\"\" width=\"230\" height=\"185\" \/><\/p>\n<p>Agradecemos o seu\u00a0interesse neste minist\u00e9rio. Sinta-se a vontade para\u00a0navegar atrav\u00e9s de nosso site para saber mais sobre\u00a0n\u00f3s e nosso trabalho. Certifique-se de voltar para\u00a0conhecer as \u00faltimas atualiza\u00e7\u00f5es. Entre\u00a0em contato conosco com qualquer de suas perguntas ou coment\u00e1rios.<\/p>\n<p>Que Deus te aben\u00e7oe\u00a0ricamente!<\/p>\n<p><img loading=\"lazy\" decoding=\"async\" class=\"alignnone size-medium\" src=\"https:\/\/www.logosministries.org\/Portuguese\/wp-content\/uploads\/2020\/09\/signaturebl.png\" width=\"340\" height=\"60\" \/><\/p>\n","protected":false},"excerpt":{"rendered":"<p>Bem-vindo\u00a0ao Minist\u00e9rio Logos Internacional! Este \u00e9 um minist\u00e9rio dirigido aos cora\u00e7\u00f5es\u00a0que desejam crescer em conhecimento do Senhor Jesus e nosso\u00a0Pai Celestial. Deus colocou um amor incondicional em nossos\u00a0cora\u00e7\u00f5es e queremos compartilhar este amor e\u00a0a vida que nos proporcionou atrav\u00e9s de sua gra\u00e7a\u00a0para todos aqueles que ainda n\u00e3o a conhecem. Agradecemos o seu\u00a0interesse neste minist\u00e9rio. Sinta-se [&hellip;]<\/p>\n","protected":false},"author":2,"featured_media":33,"parent":0,"menu_order":0,"comment_status":"closed","ping_status":"closed","template":"","meta":{"footnotes":""},"_links":{"self":[{"href":"https:\/\/www.logosministries.org\/Portuguese\/wp-json\/wp\/v2\/pages\/15"}],"collection":[{"href":"https:\/\/www.logosministries.org\/Portuguese\/wp-json\/wp\/v2\/pages"}],"about":[{"href":"https:\/\/www.logosministries.org\/Portuguese\/wp-json\/wp\/v2\/types\/page"}],"author":[{"embeddable":true,"href":"https:\/\/www.logosministries.org\/Portuguese\/wp-json\/wp\/v2\/users\/2"}],"replies":[{"embeddable":true,"href":"https:\/\/www.logosministries.org\/Portuguese\/wp-json\/wp\/v2\/comments?post=15"}],"version-history":[{"count":2,"href":"https:\/\/www.logosministries.org\/Portuguese\/wp-json\/wp\/v2\/pages\/15\/revisions"}],"predecessor-version":[{"id":238,"href":"https:\/\/www.logosministries.org\/Portuguese\/wp-json\/wp\/v2\/pages\/15\/revisions\/238"}],"wp:featuredmedia":[{"embeddable":true,"href":"https:\/\/www.logosministries.org\/Portuguese\/wp-json\/wp\/v2\/media\/33"}],"wp:attachment":[{"href":"https:\/\/www.logosministries.org\/Portuguese\/wp-json\/wp\/v2\/media?parent=15"}],"curies":[{"name":"wp","href":"https:\/\/api.w.org\/{rel}","templated":true}]}}