{"id":17,"date":"2017-07-09T22:52:02","date_gmt":"2017-07-09T22:52:02","guid":{"rendered":"http:\/\/www.logosministriesinternational.com\/Portuguese\/?page_id=17"},"modified":"2020-09-10T18:25:05","modified_gmt":"2020-09-10T18:25:05","slug":"quem-somos","status":"publish","type":"page","link":"https:\/\/www.logosministries.org\/Portuguese\/quem-somos\/","title":{"rendered":"Quem Somos"},"content":{"rendered":"<p><span style=\"font-family: Arial, Helvetica, sans-serif;\"><img loading=\"lazy\" decoding=\"async\" class=\"alignright\" src=\"https:\/\/www.logosministries.org\/Portuguese\/wp-content\/uploads\/2020\/09\/marcelo-water.png\" alt=\"\" width=\"280\" height=\"297\" \/>Eu recebi Jesus\u00a0como meu salvador quando eu tinha 14 anos no Brasil. Eu\u00a0lembro de estar em chamas para o Senhor, mas o fogo diminui\u00a0quando comecei a buscar a verdade e sempre me foi dito o\u00a0contr\u00e1rio. Eu cresci longe da igreja. Tomei decis\u00f5es\u00a0para minha vida e deixei Deus totalmente de fora. Depois\u00a0de anos de n\u00e3o estar satisfeito, aos meus 35 anos\u00a0de idade eu queria uma mudan\u00e7a. Eu queria algo mais\u00a0do que eu estava vivendo. Quando eu entreguei minha vida\u00a0a Ele e fiz dEle o Senhor da minha vida, finalmente comecei\u00a0a estar totalmente \u00e0 merc\u00ea de Deus. Ele tem\u00a0me aben\u00e7oado de muitas maneiras e desde ent\u00e3o\u00a0eu n\u00e3o olhei para tr\u00e1s. Deus \u00e9 fiel\u00a0e torn\u00e1-lo o Senhor da minha vida tem sido outra\u00a0grande decis\u00e3o. Obrigado Jesus!<\/span><\/p>\n<p><span style=\"font-family: Arial, Helvetica, sans-serif;\"><img loading=\"lazy\" decoding=\"async\" class=\"alignleft size-medium\" src=\"https:\/\/www.logosministries.org\/Portuguese\/wp-content\/uploads\/2020\/09\/Sandralovegod.png\" width=\"280\" height=\"331\" \/>Eu recebi minha\u00a0salva\u00e7\u00e3o ainda crian\u00e7a, mas depois\u00a0de viver uma vida sem a dire\u00e7\u00e3o de Deus e\u00a0vivendo do meu jeito, eu n\u00e3o estava feliz. Lembro\u00a0de sentir-me triste um dia em 2005 e pedi ao Senhor para\u00a0me mostrar o que \u00e9 a verdade. Senti que havia mais na\u00a0vida do que eu estava vivendo e queria mais. Eu estava\u00a0muito perdida e tinha ca\u00eddo em uma religi\u00e3o\u00a0tentando buscar a verdade. Sei que o Senhor me respondeu\u00a0e continua a revelar a verdade surpreendente para mim. Daquele\u00a0dia em diante eu comecei a crescer em conhecimento do Senhor\u00a0e o amor de nosso Pai celestial como nunca tive antes. Mais\u00a0tarde, percebi depois de me entregar completamente a Ele,\u00a0que se tornou meu Senhor e n\u00e3o apenas o meu salvador.<\/span><\/p>\n","protected":false},"excerpt":{"rendered":"<p>Eu recebi Jesus\u00a0como meu salvador quando eu tinha 14 anos no Brasil. Eu\u00a0lembro de estar em chamas para o Senhor, mas o fogo diminui\u00a0quando comecei a buscar a verdade e sempre me foi dito o\u00a0contr\u00e1rio. Eu cresci longe da igreja. Tomei decis\u00f5es\u00a0para minha vida e deixei Deus totalmente de fora. Depois\u00a0de anos de n\u00e3o estar [&hellip;]<\/p>\n","protected":false},"author":2,"featured_media":0,"parent":0,"menu_order":0,"comment_status":"closed","ping_status":"closed","template":"","meta":{"footnotes":""},"_links":{"self":[{"href":"https:\/\/www.logosministries.org\/Portuguese\/wp-json\/wp\/v2\/pages\/17"}],"collection":[{"href":"https:\/\/www.logosministries.org\/Portuguese\/wp-json\/wp\/v2\/pages"}],"about":[{"href":"https:\/\/www.logosministries.org\/Portuguese\/wp-json\/wp\/v2\/types\/page"}],"author":[{"embeddable":true,"href":"https:\/\/www.logosministries.org\/Portuguese\/wp-json\/wp\/v2\/users\/2"}],"replies":[{"embeddable":true,"href":"https:\/\/www.logosministries.org\/Portuguese\/wp-json\/wp\/v2\/comments?post=17"}],"version-history":[{"count":3,"href":"https:\/\/www.logosministries.org\/Portuguese\/wp-json\/wp\/v2\/pages\/17\/revisions"}],"predecessor-version":[{"id":250,"href":"https:\/\/www.logosministries.org\/Portuguese\/wp-json\/wp\/v2\/pages\/17\/revisions\/250"}],"wp:attachment":[{"href":"https:\/\/www.logosministries.org\/Portuguese\/wp-json\/wp\/v2\/media?parent=17"}],"curies":[{"name":"wp","href":"https:\/\/api.w.org\/{rel}","templated":true}]}}